{"id":438,"date":"2023-11-10T09:35:05","date_gmt":"2023-11-10T08:35:05","guid":{"rendered":"https:\/\/osiedlebrzeziny.pl\/?page_id=438"},"modified":"2023-11-10T17:21:52","modified_gmt":"2023-11-10T16:21:52","slug":"style","status":"publish","type":"page","link":"https:\/\/osiedlebrzeziny.pl\/index.php\/style\/","title":{"rendered":"style"},"content":{"rendered":"<p><style><\/style><script type=\"text\/javascript\"><\/script><span class=\"ffb-id-76vnc5cd fg-text-dark\"><div class=\"ff-richtext\"><div id=\"contactFormContainer\" style=\"display: none;\">\n<div class=\"wpcf7 no-js\" id=\"wpcf7-f478-o1\" lang=\"pl-PL\" dir=\"ltr\">\n<div class=\"screen-reader-response\"><p role=\"status\" aria-live=\"polite\" aria-atomic=\"true\"><\/p> <ul><\/ul><\/div>\n<form action=\"\/index.php\/wp-json\/wp\/v2\/pages\/438#wpcf7-f478-o1\" method=\"post\" class=\"wpcf7-form init\" aria-label=\"Formularz kontaktowy\" novalidate=\"novalidate\" data-status=\"init\">\n<div style=\"display: none;\">\n<input type=\"hidden\" name=\"_wpcf7\" value=\"478\" \/>\n<input type=\"hidden\" name=\"_wpcf7_version\" value=\"5.8.2\" \/>\n<input type=\"hidden\" name=\"_wpcf7_locale\" value=\"pl_PL\" \/>\n<input type=\"hidden\" name=\"_wpcf7_unit_tag\" value=\"wpcf7-f478-o1\" \/>\n<input type=\"hidden\" name=\"_wpcf7_container_post\" value=\"0\" \/>\n<input type=\"hidden\" name=\"_wpcf7_posted_data_hash\" value=\"\" \/>\n<\/div>\n<section class=\"ffb-id-qgadgie section-heading fg-text-dark\">\n\t<h2 class=\"fg-text-dark ffb-h2-1\">Chcesz kupi\u0107 dom?\n\t<\/h2>\n\t<div class=\"ff-richtext paragraph fg-text-dark ffb-paragraph-2\">\n\t\t<p style=\"text-align: center\">W formularzu podaj swoje dane kontaktowe oraz informacje, kt\u00f3re nam pomog\u0105 w odpowiedzi na Twoje pytanie lub pro\u015bb\u0119.\n\t\t<\/p>\n\t<\/div>\n\t<div id=\"contactForm\" class=\"container\" style=\"max-width: 750px;\">\n\t\t<div class=\"row\">\n\t\t\t<div class=\"col-md-6\">\n\t\t\t\t<p><span class=\"wpcf7-form-control-wrap\" data-name=\"your-name\"><input size=\"40\" class=\"wpcf7-form-control wpcf7-text wpcf7-validates-as-required form-control\" id=\"name\" aria-required=\"true\" aria-invalid=\"false\" placeholder=\"Imi\u0119 i nazwisko\" value=\"\" type=\"text\" name=\"your-name\" \/><\/span><br \/>\n<span class=\"wpcf7-form-control-wrap\" data-name=\"your-phone\"><input size=\"40\" class=\"wpcf7-form-control wpcf7-tel wpcf7-validates-as-required wpcf7-text wpcf7-validates-as-tel form-control\" id=\"phone\" aria-required=\"true\" aria-invalid=\"false\" placeholder=\"Telefon\" value=\"\" type=\"tel\" name=\"your-phone\" \/><\/span><br \/>\n<span class=\"wpcf7-form-control-wrap\" data-name=\"your-email\"><input size=\"40\" class=\"wpcf7-form-control wpcf7-email wpcf7-validates-as-required wpcf7-text wpcf7-validates-as-email form-control\" id=\"email\" aria-required=\"true\" aria-invalid=\"false\" placeholder=\"E-mail\" value=\"\" type=\"email\" name=\"your-email\" \/><\/span>\n\t\t\t\t<\/p>\n\t\t\t<\/div>\n\t\t\t<div class=\"col-md-6\">\n\t\t\t\t<p><span class=\"wpcf7-form-control-wrap\" data-name=\"your-message\"><textarea cols=\"40\" rows=\"10\" class=\"wpcf7-form-control wpcf7-textarea wpcf7-validates-as-required form-control\" id=\"message\" aria-required=\"true\" aria-invalid=\"false\" placeholder=\"Wiadomo\u015b\u0107\" name=\"your-message\"><\/textarea><\/span>\n\t\t\t\t<\/p>\n\t\t\t<\/div>\n\t\t\t<div class=\"col-12\">\n\t\t\t\t<div class=\"form-check mb-3\">\n\t\t\t\t\t<p><span class=\"wpcf7-form-control-wrap\" data-name=\"your-rodo\"><span class=\"wpcf7-form-control wpcf7-checkbox wpcf7-validates-as-required form-check-input\" id=\"rodo\"><span class=\"wpcf7-list-item first last\"><input type=\"checkbox\" name=\"your-rodo[]\" value=\"Potwierdzam, \u017ce zapozna\u0142em si\u0119 z polityk\u0105 prywatno\u015bci strony internetowej.\" \/><span class=\"wpcf7-list-item-label\">Potwierdzam, \u017ce zapozna\u0142em si\u0119 z polityk\u0105 prywatno\u015bci strony internetowej.<\/span><\/span><\/span><\/span>\n\t\t\t\t\t<\/p>\n\t\t\t\t<\/div>\n\t\t\t\t<p><input class=\"wpcf7-form-control wpcf7-submit has-spinner btn\" type=\"submit\" value=\"Wy\u015blij wiadomo\u015b\u0107\" \/>\n\t\t\t\t<\/p>\n\t\t\t<\/div>\n\t\t<\/div>\n\t<\/div>\n<\/section><div class=\"wpcf7-response-output\" aria-hidden=\"true\"><\/div>\n<\/form>\n<\/div>\n<\/div>\n<p><a id=\"openContactForm\" href=\"#\">Zapytaj o ofert\u0119<\/a><br \/><script>\n    document.addEventListener('DOMContentLoaded', function() {\n        var formContainer = document.getElementById('contactFormContainer');\n        var openFormButton = document.getElementById('openContactForm');\n\n        openFormButton.addEventListener('click', function(e) {\n            e.preventDefault();\n            formContainer.style.display = 'block';\n        });\n    });\n<\/script><\/p><\/div><\/span><style><\/style><script type=\"text\/javascript\"><\/script><\/p>\n","protected":false},"excerpt":{"rendered":"","protected":false},"author":1,"featured_media":0,"parent":0,"menu_order":0,"comment_status":"closed","ping_status":"closed","template":"","meta":{"footnotes":""},"class_list":["post-438","page","type-page","status-publish","hentry","post-wrapper"],"_links":{"self":[{"href":"https:\/\/osiedlebrzeziny.pl\/index.php\/wp-json\/wp\/v2\/pages\/438","targetHints":{"allow":["GET"]}}],"collection":[{"href":"https:\/\/osiedlebrzeziny.pl\/index.php\/wp-json\/wp\/v2\/pages"}],"about":[{"href":"https:\/\/osiedlebrzeziny.pl\/index.php\/wp-json\/wp\/v2\/types\/page"}],"author":[{"embeddable":true,"href":"https:\/\/osiedlebrzeziny.pl\/index.php\/wp-json\/wp\/v2\/users\/1"}],"replies":[{"embeddable":true,"href":"https:\/\/osiedlebrzeziny.pl\/index.php\/wp-json\/wp\/v2\/comments?post=438"}],"version-history":[{"count":12,"href":"https:\/\/osiedlebrzeziny.pl\/index.php\/wp-json\/wp\/v2\/pages\/438\/revisions"}],"predecessor-version":[{"id":582,"href":"https:\/\/osiedlebrzeziny.pl\/index.php\/wp-json\/wp\/v2\/pages\/438\/revisions\/582"}],"wp:attachment":[{"href":"https:\/\/osiedlebrzeziny.pl\/index.php\/wp-json\/wp\/v2\/media?parent=438"}],"curies":[{"name":"wp","href":"https:\/\/api.w.org\/{rel}","templated":true}]}}